3 - 2*k**2 + 3*k - 10. Let x be p(2). Suppose -39*c + 15763 = -x. Is c prime?
True
Let t be (-7 - 16/(-4)) + -39 + -2. Let v(p) = p**2 - 45*p - 179. Is v(t) prime?
False
Let u = 1955 + 10572. Is u a prime number?
True
Let d = 13559 + -9880. Is d a prime number?
False
Suppose -11*v + 683 = -4564. Let h = 0 + 3. Suppose 4*r + r - h*p = 2457, 0 = r + 3*p - v. Is r composite?
True
Suppose -4*r = i + 6, 5*r + 4 = -i - 2*i. Let b(o) = -11 + 63*o**i + 35*o - 21*o + 8 + 3*o**2. Is b(-5) a prime number?
False
Suppose r - 63 - 6 = 0. Let p = r + -66. Is -1*p/3*-293 prime?
True
Suppose 336*v - 335*v = -5*o + 104969, 5*o - 104945 = 5*v. Is o composite?
True
Is 83/(996/8)*2016006/4 prime?
False
Let p(u) = -u**3 + 28*u**2 - 26*u - 19. Let y be (14 - (-1 + 2)) + -1. Is p(y) a composite number?
False
Let l(h) = h**3 + 9007 + h + 6137 + 1069. Is l(0) a composite number?
True
Let a(r) = 177*r**3 + r**2 + 16*r + 93. Is a(9) prime?
False
Suppose 73*u - 66*u - 69342 = 0. Is -6 + (-6 - (-3 - u)) a prime number?
False
Let g be 4/(-10) + 4 + 327/5. Let c = 28 - g. Let r = 592 + c. Is r a prime number?
False
Suppose 2*w - 124 = 7*w - i, 5*i - 68 = 2*w. Is (116780/w + (-5)/(-15))*-2 composite?
True
Suppose 3048 = n + 215. Is n prime?
True
Let i be (0/(-1))/(6 + -8) + 2. Suppose i*n = 1240 + 778. Is n a composite number?
False
Let v be 6/(-9)*(12 + -3). Is (v/9)/(3 + 18173/(-6057)) prime?
False
Suppose -12527 + 4085 = -7*i. Suppose -2*a + i = 6. Let n = a + -157. Is n composite?
False
Let g = 623208 + -293587. Is g composite?
True
Suppose -6*q + 690874 - 23992 = 0. Suppose 21460 - q = -13*v. Is v composite?
False
Let d(f) = f**3 - 18*f**2 - 42*f + 42. Let x be d(20). Suppose 4*j - u - 22856 = 0, 3*j + x*u - 21505 = -4374. Is j a composite number?
True
Let d = -43243 + 162834. Is d composite?
False
Let u = 50 + -48. Suppose s = -0*n - 5*n + 5, -2*s + 10 = -u*n. Suppose 517 = s*g - 668. Is g a prime number?
False
Let n(j) = -2*j**2 - 58*j + 66. Let y be n(-21). Suppose -47354 = 400*x - y*x. Is x prime?
True
Suppose 18*z + 23*z + 187649 = 52*z. Is z a prime number?
False
Suppose 0 = 30*g - 43*g - 7111. Let h = 330 - g. Is h composite?
False
Let p be (-7503)/((-3)/3)*11. Suppose 0 = t - 5, -4*f = -2*f - 3*t - p. Is (-6)/9*f/(-12) a prime number?
True
Let o(v) = -155*v + 147. Let b(u) = 154*u - 151. Let x(s) = -7*b(s) - 6*o(s). Is x(-43) composite?
True
Let p(r) = 19220*r**3 + 3*r**2 + r - 1. Is p(1) composite?
True
Let r(g) be the third derivative of 19*g**4/24 - 8*g**3/3 - 75*g**2. Let p be (-61)/(-7) + (-2)/(-7). Is r(p) a composite number?
True
Let z(b) = -b**3 - 29*b**2 - 403*b + 24. Is z(-63) prime?
False
Let y be (2 + (-8 - -4))*2. Is 1242 + (0 + -20)/y prime?
False
Let a = -675993 + 983752. Is a prime?
True
Let l(p) = -19*p - 81. Let r be l(-5). Is (0 + 21927)*r/42 composite?
False
Suppose 3*v = 3*b - 143821 - 669356, 5*v - 35 = 0. Is b a prime number?
False
Let q be (8/8)/(-5)*-30. Let j(r) = 2*r**3 + 9*r - 10. Let t(u) = 2*u**3 + u**2 + 8*u - 9. Let m(y) = -4*j(y) + 5*t(y). Is m(q) prime?
True
Let w(f) = -f**2 + 22*f + 30. Let l be w(23). Let a(s) = -s - 1. Let k be a(l). Is k/(-5 - -1) + 994/2 prime?
True
Suppose 16*x - 28675 = 21*x. Let n = 12237 + x. Is n composite?
True
Suppose 0 = -4*o + 7*o + 2*p - 149813, -5*p - 99869 = -2*o. Is o a prime number?
True
Let h = 38 + -34. Suppose 0 = 2*d + h*d - 402. Suppose -d - 20 = -v. Is v prime?
False
Suppose 3*j = -2*r + 5*r + 192, 3*j - 12 = 0. Is (r/27)/10 - 26266/(-18) a composite number?
False
Let k(n) = 2*n**3 - 6*n**2 - 9*n - 16. Let j be k(5). Suppose -j*z + 115140 + 277317 = 0. Is z prime?
False
Is 1/(1/7) - (-28563 + 97) a prime number?
False
Suppose -5*b + 10*b - 15 = 0. Suppose 15 = -3*n, 5*x - b*n + 55591 = 253991. Is x a prime number?
False
Suppose 11999047 = 167*f - 58*f. Is f a composite number?
False
Let z(n) = 140496*n**3 + 2*n**2 + 2*n - 2. Let u be z(1). Suppose -62991 = -13*h + u. Is h a prime number?
False
Let t(x) be the second derivative of 1711*x**4/2 + 5*x**3/2 + 7*x**2 - 2*x - 63. Is t(-1) a composite number?
True
Let o be (546/(-28))/((-1)/498). Suppose 10*t + h = 5*t + o, 3*h = t - 1955. Is t a composite number?
True
Suppose 1 = -b + 2*w, -5*b = -8*b + 4*w + 3. Suppose 6*m - m = -b*v + 110, 0 = -v + 2*m + 7. Suppose -v*o = -21*o + 20612. Is o prime?
True
Let k be 2/((-8)/(-2) - (-54)/(-14)). Suppose -3*l = -4*f + 42, -f - k = l + 2*f. Is (l/2 + -1107)*(-2)/4 a prime number?
True
Let d = 223 + -219. Suppose d*i - 11*i = -21119. Is i composite?
True
Let p(c) = 4*c**2 - 7*c - 34. Let w(b) = 8 - 8 + 15 - b. Let x be w(0). Is p(x) a composite number?
False
Let n(s) = 2*s**2 + 40*s + 99. Let u be n(-28). Is 0 + u + -51 + 57 prime?
False
Let l(h) = 71*h + 89*h + 8*h + 19 - 84. Is l(6) composite?
True
Let x = 1154757 - 570588. Is x a prime number?
False
Let z(x) = 4866*x + 1703. Is z(83) prime?
False
Let o = -2351 + 4086. Let s = 3774 - o. Is s prime?
True
Suppose 4*p = -9*p + 52. Suppose 3*t - 4*x = x + 54904, 0 = p*t - 3*x - 73187. Is t a prime number?
False
Let z be 2/4 + (-85)/(-34). Suppose s = -4, 8 = r - z*r - 4*s. Suppose -5*a - r*y + 2959 = 334, a + 3*y = 514. Is a a composite number?
True
Let i = -298 - -294. Is i - (49 + 6)*-7 composite?
True
Suppose 90 = 6*j + 72. Suppose -41650 = -5*m + j*x, m - 5*x - 5079 = 3229. Is m a prime number?
False
Suppose 3*s - 16 + 19 = 0, -4*l = 2*s - 342. Let b = 555 - l. Is b prime?
False
Suppose -3*t - g + 222657 = -133710, t + 5*g - 118817 = 0. Is t a prime number?
True
Let r be (0 - -12)*98363/124. Suppose -5*k - 2*l + 80443 = 0, k - l = r + 6564. Is k a composite number?
False
Suppose 52126 = 8*i - 35410. Let b = i - 7589. Is b a composite number?
True
Let k = -38 + 36. Is 1653 + (k - (-3 - -3) - -6) a prime number?
True
Let a = -301 + 291. Let t(n) = -4*n**3 + 2*n**2 - 19*n - 17. Is t(a) a prime number?
True
Suppose -3887 = -3*s - l, 0 = 2*l + 19 - 17. Let w(v) = -v**2 - 9*v - 1. Let c be w(-5). Let u = s + c. Is u a prime number?
False
Suppose 3*g = 5*m - 2*g - 120, m + 4*g + 1 = 0. Suppose -7*n = -14*n + 70. Suppose m*q - n*q - 2655 = 0. Is q composite?
True
Let w(d) = 7*d**2 - 23*d + 126. Let a be w(8). Let r = -1933 + 2996. Let m = r - a. Is m composite?
False
Let y(u) = -u**2 - 12*u + 1. Let g be y(-12). Let b be 3*g*((-3884)/12)/(-1). Let x = 1360 - b. Is x a prime number?
True
Let t(s) = s**3 - 1. Let z(n) = n**2 + 14*n - 8. Let a(x) = 2*t(x) + z(x). Let g be a(8). Suppose 158 + g = 4*l. Is l composite?
False
Suppose 368329 = 3*w + b, -57624 - 65157 = -w + 2*b. Is w a composite number?
False
Let g(o) = 307*o**2 - 11*o + 7. Is g(-8) a prime number?
False
Let z = 20 + -16. Suppose z*j + 123045 = 19*j. Is j a prime number?
False
Let p(a) be the second derivative of -9/5*a**5 + 0 - 3/2*a**2 - 6*a + 1/4*a**4 - 5/6*a**3. Is p(-3) prime?
False
Suppose 20*q - 14*q = -38094. Is (-9 + 427/49)/(1/q) a prime number?
False
Is (-5115606)/(-7) - 4/(-336)*12 a prime number?
False
Let j(g) = 3*g**3 - 20*g**2 + 335*g - 55. Is j(78) prime?
True
Suppose -s = -2*r - 39637, -3*s + 15*r - 10*r = -118911. Is s a prime number?
False
Let m(h) = 8486*h - 9059. Is m(8) composite?
True
Suppose -6 = 4*n - 4*u - 18, 33 = 3*n + 3*u. Suppose 14119 + 13650 = n*f. Is f prime?
True
Let c = -70943 - -45397. Let z = c - -40241. Is z composite?
True
Let h be (-4 - -4)/(0 + 3 + -1). Suppose o + 5552 = 5*t, h = -2*o - o + 9. Is t a composite number?
True
Let f(s) = -s**3 - s**2 - 32*s - 8. Let p be f(14). Let a = p + 6559. Is a a prime number?
True
Let p = 48 - 151. Let w = p + 103. Is w - 67*2*87/(-6) prime?
False
Let p = 195239 - 137718. Is p a prime number?
False
Let t be (-2)/(-10)*10895 - 11. Suppose -m + 8 = 2*m - c, 3*c - 6 = -m. Suppose 5*b + m*k - 2720 = -0*k, -4*b + t = 4*k. Is b prime?
True
Let o be (-1 - 4/(-5)) + (-395233)/85. Let p = o - -7148. Is p a prime number?
False
Let z be (-3)/(18/(-6))*0/2. Is -2991*(z - (-2)/(-3)) a composite number?
True
Let u be (-8)/(-5 - 35/(-5)) + 8. Suppose -5*a = -4*n - 3057, -2*a - u*n = a - 1847. Is a a composite number?
False
Let r(z) = 8599*z**3 - 13*z**2 + 19*z + 21. Let t(v) = 4299*v**3 - 6*v**2 + 9*v + 11. Let g(f) = 4*r(f) - 9*t(f). Is g(-2) a prime number?
False
Suppose 2*w - 15*w = -7*w - 225276. Is w composite?
True
Let z = 